ne l(g).
-4
Let d(z) be the third derivative of z**5/60 + z**4/12 - 5*z**3/6 - 3*z**2. Give d(-4).
3
Let y be 26/6 - 2/(-3). Let d(r) be the third derivative of r**6/120 - r**5/12 - r**4/24 + r**3/6 - 12*r**2. Determine d(y).
-4
Let l be 5/((-20)/16) - -1. Let s(y) = 20*y - 26. Let q(o) = -4*o + 5. Let a(h) = l*s(h) - 16*q(h). Determine a(2).
6
Let o(c) = -4*c**3 - 2*c**2 + 1. Let w(f) = -f**2 - 7*f - 5. Suppose -10 = 2*j + j + 4*z, 2*j = -4*z - 4. Let x be w(j). Let n be ((-1)/(-2 - -1))/x. Give o(n).
-5
Let k(m) = m + 5. Let b(p) = 2*p**2 + 3*p**3 + 0 - 1 - 9*p - 4*p**3 + 7*p. Let t = 1 - -1. Let v be b(t). Give k(v).
0
Suppose 4*j - 13 - 3 = 0. Let l(i) = -1 + 3 + j*i - i**2 - 2. Determine l(4).
0
Let f(z) = -2*z**2 + z. Let b be f(1). Suppose 0 = -4*y + 5*y - v - 2, -5*y + 46 = 4*v. Let m(g) = -g - 3*g + 7*g + y*g. Give m(b).
-9
Let f(o) be the second derivative of 7*o + 1/3*o**3 + 0 - 1/12*o**4 + 1/2*o**2. Calculate f(5).
-14
Let p(z) = -z**3 + 4*z**2 - z - 1. Let c = 12 + -8. Calculate p(c).
-5
Let r(o) = -o**2 - 2*o + 3. Let d(f) = 0*f**2 + 4*f + 2 + 0 - f**2. Let n be d(4). Let a be 1/(-1) + 1 + n. Determine r(a).
-5
Suppose -6 = -2*z - 0*z. Suppose 4*b = z*f + 3, -f - 2*f + 2*b - 9 = 0. Let i(r) = -r - 3. Calculate i(f).
2
Let y(r) be the first derivative of -r**2 + 8*r + 2. Determine y(6).
-4
Let b(c) = -3*c**2 + 2*c - 13. Let q(h) = 5*h**2 - 3*h + 19. Let d(u) = 8*b(u) + 5*q(u). Give d(0).
-9
Let b(i) be the first derivative of i**2/2 + 2*i - 11. Give b(-7).
-5
Suppose 0 + 4 = x. Let n(q) = -2*q + 5. Calculate n(x).
-3
Let k = 112/9 - 109/9. Let h(u) be the second derivative of 0 + 1/2*u**2 - 3*u + k*u**3 - 2/5*u**5 + 1/6*u**4. What is h(-1)?
9
Let h(d) be the second derivative of -d**5/20 - d**4/6 - d**3/2 + 2*d**2 + 11*d. Calculate h(-3).
22
Let b(a) = 3*a + 4. Let x = -20 + 14. Let p be 9*(20/x + 3). What is b(p)?
-5
Let v be 6*(4 - 21/6). Suppose 1 - 6 = -5*q, q + 17 = -v*f. Let x(r) = -3 + 0 - r + 0. Determine x(f).
3
Let y(b) = -5*b**2 - 5 - 3*b**3 + 0*b + 3*b + 5*b**3 - b**3. Let i be (0 - -5) + 2 + -2. Calculate y(i).
10
Let o = -16 - -19. Let d(u) = -u + 2. What is d(o)?
-1
Let w(o) = o. Suppose 2*k = h + 14 + 16, 3*k + 2*h - 45 = 0. Suppose 0 = -t - 4*p - k, -5*t = p - 2*p - 9. Give w(t).
1
Let j(g) = -20*g**2 - 11*g**3 + 10*g**3 - 2*g + 24*g**2 + 3. Calculate j(2).
7
Suppose 0 = -11*u - 47 - 30. Let w(z) = -z**2 - 7*z. Determine w(u).
0
Let y(a) = a**3 + 6*a**2 - a - 4. Let r be y(-6). Suppose -u + 60 = r*u. Let q be (u/(-16))/(1/(-4)). Let k(m) = -m + 4. Calculate k(q).
-1
Let g(t) = -t. Let k be g(-2). Let q(r) = 5*r**3 + 11*r**2 - 8*r - 9. Let n(p) = 4*p**3 + 10*p**2 - 7*p - 8. Let h(b) = -7*n(b) + 6*q(b). Give h(k).
4
Let d(i) = -16 + i + 6 + 13. What is d(9)?
12
Let q(b) = b**2 + 4*b + 3. Let x(k) = k**2 + 4*k + 3. Let l(o) = -3*q(o) + 4*x(o). Let j = 2 - 5. Let h be 4/(-3)*j/(-2). Calculate l(h).
-1
Let w(v) = -v + 4. Suppose -2*f + 5*x = 7 + 7, 4*x = 4*f + 4. What is w(f)?
1
Let r(o) = -5*o - 5. Let i(u) = -6*u - 4. Let d(w) = 3*i(w) - 4*r(w). Determine d(-7).
-6
Let d(h) = -6 - h + 6*h**2 - h**2 + 0*h**3 + h**3 - 3*h. Give d(-5).
14
Let h(t) be the second derivative of -t**6/360 + t**5/120 + t**4/6 + t**3/6 + t. Let v(k) be the second derivative of h(k). Calculate v(4).
-8
Let m be (2/(-6))/(1/(-3)). Let i be 2 + 4 - (2 + m). Let q(a) = a**2 - 4*a + 3. Determine q(i).
0
Let w(c) = -64 + 0*c - c + 121 - 61. Determine w(0).
-4
Let b = 0 + 1. Let p be 42/8 - b/4. Let z(u) = 9 + u - 8 + u. Give z(p).
11
Let m = 10 + -6. Let f(g) = m*g + 0*g - 5*g + 7. Let z be 3*(-1)/(-3) + 2. Give f(z).
4
Let l(h) = h**2 + 102 + 3*h - 106 - 4*h. Suppose 3*r + 11 = 2. What is l(r)?
8
Let w(f) be the third derivative of f**6/120 + f**5/30 - f**4/8 - f**3/3 + f**2. Let q = 21 + -24. What is w(q)?
-2
Let v(a) be the first derivative of -a**4/4 + 7*a**3/3 + 4*a**2 - 6*a + 54. Determine v(8).
-6
Let y(t) = -t + 1. Let q(b) = 6*b - 5. Let g(v) = -2*q(v) - 10*y(v). Suppose -2*a - 1 + 0 = r, 5*r - 2 = -3*a. Determine g(r).
-2
Let p(b) = 17*b**3 + b**2. Suppose 0 = -3*w - 3 - 0. Determine p(w).
-16
Let w(f) = 2*f**2 + f - 1. Let g(j) = 5*j**2 + 6*j - 5. Let p(s) = g(s) - 6*w(s). Suppose 0*i + 4 = -4*i. Determine p(i).
-6
Let l(d) = -4*d - 3. Suppose -4*t = t - 25. Let w = t - 7. What is l(w)?
5
Let r(m) = m**3 + 3. Let f(j) = j**2 + j + 1. Let u(d) = 2*f(d) - r(d). Give u(3).
-4
Let u(k) be the second derivative of 6*k**2 + 0 + 1/6*k**3 - 3*k. What is u(-6)?
6
Suppose 6 = 4*l + 2*a, -21 = l - 5*a + 5. Let p be (-1)/l + (-6 - -4). Let u(n) = 5*n. Give u(p).
-5
Suppose -t + 6 = 3. Let j(b) = -8*b + b**3 - t*b**2 + 3 + 1 + 4*b. Calculate j(3).
-8
Let q(g) be the third derivative of g**4/12 - 7*g**3/6 - 12*g**2. What is q(6)?
5
Suppose 28 = 2*a - 5*l, 4*a - 4*l - 32 = -0*l. Let q(v) = 7 + a*v - v - 6. What is q(1)?
4
Let t(q) be the first derivative of 7/3*q**3 - 1/4*q**4 + 7 - 10*q + 1/2*q**2. Calculate t(7).
-3
Let c(k) be the second derivative of -9*k**5/20 - k**4/6 + k**2/2 - 2*k. Let h = 48 - 47. Give c(h).
-10
Let g(l) be the third derivative of -l**4/4 - 5*l**3/6 - l**2. Let a(s) = 6*s + 6. Let j(z) = 5*a(z) + 6*g(z). What is j(1)?
-6
Let c(d) = 6 - 4 - 1484*d + 1489*d. Give c(5).
27
Let v(n) = n + n + 0*n - 7 + 0*n. Calculate v(5).
3
Let r(t) be the third derivative of t**7/84 + t**6/180 - t**5/60 + t**4/24 - 2*t**3/3 + 2*t**2. Let k(z) be the first derivative of r(z). What is k(1)?
11
Let q(b) be the third derivative of 0*b + 2/3*b**3 + 0 + 1/24*b**4 - 2*b**2. Calculate q(-5).
-1
Let l(g) = -1 - 2*g + 0*g + 7*g**3 + 0. Let y(c) = -c + 4. Let r be y(4). Suppose r = -5*m + 2 - 7. Calculate l(m).
-6
Suppose s - 14 = 3*k, 6*k - k + 22 = s. Suppose 4*a = -4*g + 24, -3*a = 3*g - g - 15. Let z(l) = -3 - l**s + g - 2*l + 2. Calculate z(-4).
-6
Let l(h) = h**2 - 6*h - 7. Let m be (-24)/9*18/(-8). Calculate l(m).
-7
Let h(l) be the third derivative of l**2 + 0*l + 0 - 1/120*l**6 - 1/12*l**4 - 1/10*l**5 - 3/2*l**3. Give h(-6).
3
Let a(x) = -x**3 + 4*x**2 + 5*x - 7. Suppose 3*o - 32 = -4*y, -y + 3 = 2*o - 10. Calculate a(y).
-7
Suppose 1 = -i + 5*k - 2, -i + 4*k - 3 = 0. Let s be (-100)/(-55) + (-4)/(-22). Let r(v) = -2 - 4*v**2 + 3*v**s + 0*v**2. Give r(i).
-11
Let n(d) be the first derivative of d**4/4 + 2*d**3 + d**2/2 - 3*d - 9. What is n(-6)?
-9
Let b(h) = 6*h. Let y = 2 + 4. Let z be ((-3)/y)/(1/(-2)). Determine b(z).
6
Let y(u) = u**3 - 9*u**2 - 11*u - 10. Let t be y(10). Let f = t + 19. Let g(l) be the third derivative of -l**5/60 - l**4/12 - l**3/6 - l**2. What is g(f)?
0
Let a(i) be the second derivative of i**3/3 - 5*i**2/2 + 2*i. Let p(m) = 5*m - 11. Let t(v) = -9*a(v) + 4*p(v). What is t(1)?
3
Let v(u) = u + 3. Let o(p) = p + 3. Let n(w) = -4*o(w) + 5*v(w). What is n(-3)?
0
Suppose 18 = -4*l + f, -2 + 12 = -3*l - f. Let b(t) be the second derivative of -t**4/12 - t**3/2 + t**2 + 2*t. What is b(l)?
-2
Let s(r) = r**2 - 12*r + 18. Let h be s(11). Let y be h + -4*(-1)/(-2). Let m(f) = -f + 5. Calculate m(y).
0
Let j(s) = 15 + s**2 - 24 + 7 + 6*s. Calculate j(-5).
-7
Let b(i) = -15*i + 2. Let t(o) = 2*o. Let a(q) = 2*b(q) + 18*t(q). What is a(-3)?
-14
Let y(i) be the second derivative of -6*i - 1/3*i**3 + 1/2*i**2 + 0. What is y(4)?
-7
Let r(d) = d + 1. Let l(w) = w**2 - 5*w + 3. Let j be l(5). Let z(x) = -3*x + j*x + 2 + x. Let f(s) = r(s) + z(s). Calculate f(-2).
-1
Let r = -66 + 401/6. Let f(s) be the third derivative of 1/60*s**5 + 0 + 0*s**4 + 0*s + r*s**3 - s**2. Calculate f(0).
5
Let m(p) = p**3 + p**2 + p + 6. Let n(r) be the third derivative of -r**6/120 + r**5/10 - r**4/6 - 5*r**3/6 - 2*r**2. Let o be n(5). Calculate m(o).
6
Let h(z) = -5 - z + 4*z + 0*z. What is h(4)?
7
Let k(i) = -i**3 - 3*i**2 + 4*i + 4. Let f = -10 + 17. Suppose -2*d = -3*b + 3*d - 19, -d - f = 3*b. Calculate k(b).
-8
Let b(t) = -21*t**2 - t - 1. Suppose -5*c - 2*g = 6 + 9, -2*g - 7 = -3*c. Give b(c).
-21
Let v(n) be the third derivative of n**7/2520 - n**6/90 + n**5/20 + n**4/6 + 4*n**2. Let q(y) be the second derivative of v(y). What is q(6)?
-6
Let y = -10 + 16. Let i(f) = 5*f**2 - y*f**2 + 5*f + 1 + 6 - 4*f. What is i(0)?
7
Let b be (0/(-1))/(-1 - -2). Let c(m) = b*m - 2*m + 5 + 4*m. Give c(-4).
-3
Let m(y) = -2*y - 2. Suppose 2 = -o + 3. Let d be -1 +